base 14.
-7
Convert 65 (base 8) to base 6.
125
Convert 113 (base 13) to base 10.
185
-343 (base 8) to base 9
-272
-92 (base 15) to base 9
-162
-1000 (base 2) to base 10
-8
-1 (base 13) to base 12
-1
Convert 46 (base 13) to base 4.
322
Convert 0 (base 14) to base 13.
0
What is 16 (base 11) in base 8?
21
Convert 25 (base 11) to base 7.
36
-1 (base 12) to base 2
-1
What is 7 (base 16) in base 9?
7
b3 (base 14) to base 2
10011101
What is 1111 (base 6) in base 16?
103
Convert 220 (base 4) to base 13.
31
-15 (base 11) to base 2
-10000
3 (base 10) to base 11
3
-41 (base 12) to base 8
-61
304 (base 7) to base 14
ab
What is -21 (base 4) in base 9?
-10
-28 (base 15) to base 5
-123
Convert 21 (base 7) to base 15.
10
Convert -3 (base 8) to base 12.
-3
What is 4 (base 9) in base 8?
4
What is -59 (base 10) in base 13?
-47
2 (base 10) to base 9
2
What is -12100 (base 3) in base 4?
-2100
Convert -291 (base 10) to base 9.
-353
What is -4 (base 8) in base 3?
-11
Convert -10 (base 7) to base 11.
-7
What is -232 (base 4) in base 13?
-37
What is 149 (base 13) in base 2?
11100110
What is -13 (base 16) in base 10?
-19
13 (base 8) to base 6
15
Convert 14 (base 10) to base 4.
32
What is -12 (base 9) in base 10?
-11
9 (base 14) to base 15
9
Convert 15 (base 15) to base 6.
32
156 (base 9) to base 6
340
What is 6 (base 9) in base 13?
6
Convert 4 (base 13) to base 14.
4
Convert 14 (base 16) to base 5.
40
Convert 44 (base 8) to base 14.
28
What is -1a (base 12) in base 16?
-16
What is -412 (base 5) in base 12?
-8b
What is -4 (base 16) in base 12?
-4
Convert 1001000 (base 2) to base 13.
57
What is -11200 (base 3) in base 10?
-126
-5 (base 12) to base 2
-101
Convert 3 (base 14) to base 5.
3
Convert 10 (base 11) to base 15.
b
Convert 11001 (base 3) to base 4.
1231
What is 6 (base 15) in base 16?
6
What is -111000 (base 2) in base 11?
-51
What is d (base 14) in base 11?
12
-5 (base 16) to base 4
-11
What is -3 (base 9) in base 14?
-3
54 (base 8) to base 3
1122
-10100 (base 2) to base 10
-20
What is 0 (base 16) in base 15?
0
Convert 23 (base 4) to base 11.
10
Convert d (base 16) to base 6.
21
What is -6 (base 8) in base 6?
-10
What is -11 (base 9) in base 4?
-22
0 (base 5) to base 3
0
29 (base 13) to base 10
35
What is -33 (base 4) in base 6?
-23
What is -187 (base 10) in base 9?
-227
Convert 15 (base 16) to base 5.
41
-1 (base 14) to base 15
-1
Convert 23 (base 10) to base 4.
113
Convert -1d (base 14) to base 5.
-102
101000001 (base 2) to base 9
386
What is 101110 (base 2) in base 6?
114
-2 (base 10) to base 3
-2
What is -13 (base 14) in base 7?
-23
What is 12 (base 5) in base 6?
11
What is 114 (base 6) in base 16?
2e
Convert -28 (base 11) to base 7.
-42
1022 (base 3) to base 14
27
Convert -102122 (base 3) to base 7.
-626
Convert -31 (base 6) to base 14.
-15
-32 (base 5) to base 6
-25
Convert -10 (base 7) to base 8.
-7
Convert 6 (base 15) to base 7.
6
Convert -1 (base 14) to base 12.
-1
Convert -1 (base 5) to base 9.
-1
What is 6 (base 8) in base 5?
11
1 (base 4) to base 14
1
What is 85 (base 10) in base 8?
125
10a (base 15) to base 7
454
Convert -3 (base 16) to base 11.
-3
What is -9 (base 13) in base 14?
-9
1 (base 15) to base 11
1
Convert 82 (base 12) to base 15.
68
What is 4 (base 7) in base 16?
4
What is 2 (base 16) in base 9?
2
-2 (base 15) to base 4
-2
What is 121 (base 3) in base 7?
22
What is 6 (base 7) in base 4?
12
-1b (base 12) to base 3
-212
What is 3 (base 4) in base 12?
3
What is 116 (base 8) in base 10?
78
Convert 60 (base 11) to base 8.
102
23 (base 8) to base 5
34
What is 214 (base 5) in base 15?
3e
5 (base 15) to base 4
11
What is 93 (base 16) in base 8?
223
-1 (base 7) to base 8
-1
Convert -4 (base 9) to base 8.
-4
4 (base 6) to base 10
4
What is -1101 (base 2) in base 15?
-d
What is 2 (base 12) in base 8?
2
Convert -11 (base 11) to base 9.
-13
-43 (base 11) to base 3
-1202
Convert -46 (base 11) to base 10.
-50
Convert 320 (base 4) to base 12.
48
Convert -215 (base 11) to base 16.
-102
-11 (base 2) to base 5
-3
Convert 51 (base 8) to base 10.
41
-35 (base 7) to base 11
-24
30 (base 6) to base 11
17
-23 (base 6) to base 14
-11
-7 (base 9) to base 11
-7
Convert 0 (base 4) to base 16.
0
What is -101 (base 5) in base 13?
-20
What is -11121 (base 3) in base 5?
-444
Convert -11 (base 7) to base 11.
-8
What is 204 (base 5) in base 7?
105
What is -310 (base 4) in base 12?
-44
133 (base 13) to base 7
421
What is 11 (base 10) in base 2?
1011
Convert -2 (base 14) to base 13.
-2
What is 30 (base 10) in base 6?
50
What is 4 (base 16) in base 8?
4
Convert 51 (base 13) to base 14.
4a
Convert -22 (base 10) to base 9.
-24
-3 (base 12) to base 9
-3
Convert 5 (base 13) to base 9.
5
Convert 1 (base 16) to base 8.
1
Convert -6 (base 11) to base 13.
-6
-2 (base 9) to base 14
-2
What is 3 (base 13) in base 9?
3
Convert 23 (base 10) to base 15.
18
What is 1 (base 11) in base 2?
1
Convert 22 (base 6) to base 3.
112
What is 3 (base 8) in base 13?
3
What is 29 (base 16) in base 11?
38
What is 7 (base 11) in base 12?
7
Convert -22 (base 8) to base 2.
-10010
Convert 202 (base 3) to base 5.
40
2a (base 12) to base 2
100010
Convert -3 (base 8) to base 6.
-3
110 (base 2) to base 4
12
10 (base 11) to base 16
b
What is 14 (base 9) in base 16?
d
What is -60 (base 10) in base 11?
-55
What is c (base 14) in base 11?
11
Convert -1100 (base 3) to base 4.
-210
Convert 3 (base 10) to base 12.
3
Convert 4 (base 5) to base 3.
11
Convert 12 (base 11) to base 8.
15
What is 11100 (base 2) in base 8?
34
-23 (base 14) to base 2
-11111
What is -1 (base 13) in base 14?
-1
-2f (base 16) to base 8
-57
Convert 0 (base 12) to base 10.
0
Convert 16 (base 8) to base 14.
10
What is -10111 (base 2) in base 9?
-25
What is 1a (base 15) in base 14?
1b
What is 1c (base 14) in base 7?
35
Convert -2 (base 9) to base 8.
-2
What is 23 (base 13) in base 3?
1002
What is -2 (base 4) in base 9?
-2
Convert 1d (base 14) to base 16.
1b
Convert -13 (base 8) to base 6.
-15
Convert 1011000 (base 2) to base 10.
88
-122 (base 4) to base 13
-20
0 (base 5) to base 7
0
What is -6 (base 12) in base 9?
-6
-3 (base 7) to base 8
-3
What is 0 (base 13) in base 16?
0
What is 3 (base 4) in base 10?
3
Convert -2 (base 12) to base 11.
-2
Convert -12 (base 7) to base 8.
-11
5 (base 8) to base 13
5
11001 (base 2) to base 16
19
What is 203 (base 4) in base 5?
120
Convert 100 (base 2) to base 12.
4
What is -1 (base 5) in base 7?
-1
4 (base 14) to base 11
4
What is -15 (base 6) in base 2?
-1011
Convert 0 (base 10) to base 9.
0
What is -58 (base 13) in base 9?
-81
What is -122 (base 5) in base 16?
-25
-4 (base 6) to base 10
-4
-546 (base 7) to base 2
-100010111
What is -2 (base 7) in base 15?
-2
What is 43 (base 8) in base 3?
1022
What is -83 (base 9) in base 5?
-300
Convert -200 (base 11) to base 3.
-22222
Convert -100220 (base 3) to base 6.
-1123
3 (base 8) to base 3
10
What is 31 (base 5) in base 11?
15
-1101 (base 4) to base 14
-5b
What is 5 (base 10) in base 8?
5
0 (base 2) to base 16
0
Convert 190 (base 12) to base 6.
1100
10 (base 5) to base 16
5
11010 (base 4) to base 11
275
What is -26 (base 15) in base 16?
-24
What is 11 (base 2) in base 16?
3
-4 (base 7) to base 5
-4
Convert 6 (base 13) to base 5.
11
-4 (base 13) to base 12
-4
What is 0 (base 4) in base 14?
0
Convert 2 (base 4) to base 5.
2
Convert 25 (base 8) to base 6.
33
Convert -c6 (base 15) to base 10.
-186
What is -101 (base 2) in base 5?
-10
What is -2 (base 10) in base 16?
-2
Convert -21 (base 3) to base 15.
-7
Convert -ed (base 16) to base 3.
-22210
Convert 0 (base 14) to base 16.
0
What is -97 (base 10) in base 16?
-61
What is -2 (base 15) in base 2?
-10
Convert -5 (base 7) to base 15.
-5
-2 (base 11) to base 12
-2
Convert 1 (base 2) to base 8.
1
-2 (base 7) to base 6
-2
What is 3c (base 15) in base 6?
133
-100 (base 2) to base 5
-4
What is 113 (base 4) in base 11?
21
-1ac (base 13) to base 16
-137
-26 (base 16) to base 14
-2a
Convert 8 (base 14) to base 6.
12
Convert -30 (base 8) to base 4.
-120
What is 18 (base 11) in base 8?
23
Convert -10 (base 2) to base 3.
-2
Convert 0 (base 10) to base 7.
0
Convert -6 (base 10) to base 12.
-6
0 (base 8) to base 16
0
Convert -2 (base 13) to base 11.
-2
Convert -28 (base 9) to base 12.
-22
What is -41 (base 10) in base 6?
-105
-17 (base 